{"id":1115,"date":"2020-06-22T20:12:40","date_gmt":"2020-06-23T00:12:40","guid":{"rendered":"https:\/\/feriasrurales.cl\/wp\/uniendo-el-campo-y-la-ciudad\/?post_type=product&#038;p=1115"},"modified":"2021-08-26T15:16:44","modified_gmt":"2021-08-26T19:16:44","slug":"con-sazon-salsa-merken-145g","status":"publish","type":"product","link":"https:\/\/feriasrurales.cl\/wp\/uniendo-el-campo-y-la-ciudad\/producto\/con-sazon-salsa-merken-145g\/","title":{"rendered":"Con Saz\u00f3n | Salsa Merk\u00e9n (145g)"},"content":{"rendered":"<p>Nuestra salsa es elaborada con merk\u00e9n, aceite de oliva, ajo chilote, sal de mar&#8230; Sabrosa y picante!<br \/>\n\u00dasala en cualquier plato al que quieras agregar picor y un delicioso toque ahumado.<\/p>\n","protected":false},"excerpt":{"rendered":"<p>Nuestra salsa es elaborada con merk\u00e9n, aceite de oliva, ajo chilote, sal de mar&#8230; Sabrosa y picante!<\/p>\n","protected":false},"featured_media":1116,"template":"","meta":[],"product_cat":[19],"product_tag":[],"_links":{"self":[{"href":"https:\/\/feriasrurales.cl\/wp\/uniendo-el-campo-y-la-ciudad\/wp-json\/wp\/v2\/product\/1115"}],"collection":[{"href":"https:\/\/feriasrurales.cl\/wp\/uniendo-el-campo-y-la-ciudad\/wp-json\/wp\/v2\/product"}],"about":[{"href":"https:\/\/feriasrurales.cl\/wp\/uniendo-el-campo-y-la-ciudad\/wp-json\/wp\/v2\/types\/product"}],"wp:featuredmedia":[{"embeddable":true,"href":"https:\/\/feriasrurales.cl\/wp\/uniendo-el-campo-y-la-ciudad\/wp-json\/wp\/v2\/media\/1116"}],"wp:attachment":[{"href":"https:\/\/feriasrurales.cl\/wp\/uniendo-el-campo-y-la-ciudad\/wp-json\/wp\/v2\/media?parent=1115"}],"wp:term":[{"taxonomy":"product_cat","embeddable":true,"href":"https:\/\/feriasrurales.cl\/wp\/uniendo-el-campo-y-la-ciudad\/wp-json\/wp\/v2\/product_cat?post=1115"},{"taxonomy":"product_tag","embeddable":true,"href":"https:\/\/feriasrurales.cl\/wp\/uniendo-el-campo-y-la-ciudad\/wp-json\/wp\/v2\/product_tag?post=1115"}],"curies":[{"name":"wp","href":"https:\/\/api.w.org\/{rel}","templated":true}]}}

Con Sazón | Salsa Merkén (145g)

<p>Nuestra salsa es elaborada con merkén, aceite de oliva, ajo chilote, sal de mar&#8230; Sabrosa y picante!<br />
Úsala en cualquier plato al que quieras agregar picor y un delicioso toque ahumado.</p>

<p>Nuestra salsa es elaborada con merkén, aceite de oliva, ajo chilote, sal de mar&#8230; Sabrosa y picante!</p>
